 and v?
5
Suppose 0 = -c + 5*c - 12. Suppose -4*u + c*s + 82 = s, u - 19 = 2*s. What is the highest common factor of 7 and u?
7
Let r(b) = -b**3 + 5*b**2 + b + 3. Let u be r(3). What is the highest common factor of u and 3?
3
Suppose r + 15 - 26 = 0. What is the highest common divisor of 88 and r?
11
Let z be (-2)/(9/7 + -1). Let h(j) = j**3 + 9*j**2 + 9*j - 3. Let q be h(z). What is the greatest common factor of q and 8?
8
Let y be (16/(-32))/((-2)/416). Calculate the greatest common factor of y and 13.
13
Let d be 66/2*(-3)/9. Let j = -1 + d. Let s be 66/j*4/(-2). What is the greatest common factor of s and 1?
1
Let d = 20 + -12. Let s(v) = v - 1. Let c be s(4). Suppose 0*w - c = -3*w. What is the greatest common divisor of w and d?
1
Let d be (-936)/(-6) + 3/(-1). Let r(t) = 2*t**2 - 4*t + 1. Let h be r(4). Calculate the greatest common divisor of h and d.
17
Suppose q + 609 = 4*q - 4*z, z + 3 = 0. Suppose 0 = s + 1 - q. What is the greatest common factor of s and 18?
18
Let u(y) = -y**2 - y + 2. Let v be u(2). Let i = v - -7. Suppose 179 = i*g + 4*t + 27, -g + 5*t = -38. What is the highest common divisor of 12 and g?
12
Let f be ((-48)/8)/(1/(-12)). Calculate the greatest common factor of f and 9.
9
Suppose -3*q - 5*u = -5, -q - u + 0 = -5. Let n = q + -6. Suppose -8 = 4*b, 24 = o + b - 3*b. What is the highest common divisor of n and o?
4
Let j be (1 - 1)/(3 - 5). Suppose j = m + 4 - 20. Let x be (1 + 1 - -1) + 1. Calculate the greatest common factor of m and x.
4
Let p = -65 - -113. Let c(g) = g**2 + g + 12. Let u be c(0). Calculate the greatest common factor of p and u.
12
Suppose -3*m - 2 = a - 54, -2*a = -4*m - 64. Let i(q) = -2*q - 13. Let s be i(-6). Let b be 4 + 10 - (3 - s). What is the highest common divisor of b and a?
10
Suppose -3*p + 24 = q, q - 36 = -q - 2*p. Let n(u) = 2*u + 107. Let l be n(-16). What is the greatest common divisor of l and q?
15
Let v be (10/4)/((-4)/(-8)). Suppose -h - 1 = -v*c, -2*h + 0*c + 2*c = -14. Let n = h - -7. Calculate the highest common divisor of 4 and n.
4
Suppose -6*k - 197 = 19. Let w be (-2 + 1)*k/4. Calculate the highest common factor of 1 and w.
1
Let u be (2 - 1)/((-13)/(-39)). Suppose 4*n - 2*n + 24 = p, u*n = 4*p - 81. Calculate the greatest common divisor of p and 9.
9
Let a be (-174)/(-12) + 2/4 - 3. Calculate the greatest common factor of a and 4.
4
Let k = -4 + 7. Suppose 96 = 3*w - k*z, 5*w = 2*w - z + 112. Suppose 4*m - 6*m + w = 0. What is the greatest common factor of 9 and m?
9
Suppose 2*y - 104 = -2*y. Suppose 0 = -2*z + 4*z - 78. Calculate the greatest common factor of y and z.
13
Suppose 0 = v - 3. Suppose v*i = 6*i - 408. What is the greatest common divisor of i and 17?
17
Let i = 69 + -49. What is the highest common factor of 30 and i?
10
Let l = -10 - -13. Let g be l + (11 - 3 - -1). Calculate the greatest common divisor of g and 48.
12
Let w be 2/1*(2 + 16). Calculate the greatest common factor of 12 and w.
12
Let z(s) = -4*s + 3*s - 2 - 3*s. Let m be z(-3). What is the highest common factor of 100 and m?
10
Suppose 5*t = 3*v - 140, -6*t - 137 = -3*v - 4*t. Calculate the greatest common factor of 30 and v.
15
Let m(h) = 10*h + 114. Let u be m(-10). Let r(o) = -o**2 + 6*o - 3. Let w be r(5). Let z be (-7)/(w/12*-2). What is the highest common divisor of u and z?
7
Let i be (-6)/(4/((-12)/3)). What is the greatest common factor of 10 and i?
2
Let t(b) = 2*b + 2. Let z be t(-4). Let k be ((-3)/6)/(1/z). Let y = 49 - 28. Calculate the greatest common divisor of y and k.
3
Suppose -8*u - 4 = -4*u. Suppose -5*f + 1143 + 792 = 0. Let l be 3 - u*f/3. What is the greatest common divisor of 12 and l?
12
Suppose 5*r = -0*r - 40. Let y(g) = g + 10. Let o be y(r). Calculate the greatest common divisor of o and 2.
2
Let v be (18*(-35)/(-28))/(3/12). What is the greatest common factor of 10 and v?
10
Let t = -121 - -176. Let k(g) = g**2 - 4. Let f be k(-3). Suppose f*j = 2*j + 15. Calculate the highest common divisor of t and j.
5
Let f = 8 + -5. Calculate the greatest common factor of 3 and f.
3
Let g = -44 - -888. Suppose 3*x + 3*s = 636, 4*x + 3*s = -2*s + g. Suppose 3*k - 48 - x = 0. Calculate the highest common factor of k and 8.
8
Let l(r) = -7*r - 5. Let c be l(-5). Suppose 0 = -z + 2. Suppose -225 = -z*a - 3*a. What is the greatest common divisor of a and c?
15
Let k = 421 + -269. Suppose -k = -0*z - 2*z. Let s = z - 46. Calculate the highest common factor of s and 10.
10
Let h(b) be the second derivative of b**4/12 + b**3/2 - 3*b**2/2 + 3*b. Let m be h(-4). Let x be (24/2)/(m/6). Calculate the highest common factor of x and 8.
8
Let r(c) = c**2 + 3*c + 4. Let z be r(-3). Suppose 0 = y - 5*y. Suppose y = -2*f - 2*f + 16. What is the highest common factor of z and f?
4
Let y = 1 + 11. Let a be 0/((2 - 1)/(-1)). Suppose 3*u = 3*c + 294, a = 4*u + 2*c + c - 378. Calculate the highest common divisor of u and y.
12
Let u = -61 - -97. Calculate the greatest common divisor of 48 and u.
12
Let i = 147 - 120. Calculate the highest common divisor of i and 27.
27
Let x(h) = -h**3 + 6*h**2 - 7*h + 7. Let v be x(5). Let c be ((-3 - -4) + v)/(-2). What is the highest common factor of c and 6?
1
Let t(b) = 3*b**2 - 4*b + 4. Let a be t(3). Calculate the highest common factor of a and 19.
19
Let q = 7 - -3. What is the highest common divisor of 15 and q?
5
Let h(m) = 4*m**2 - 18*m + 20. Let o be h(14). Let b = o - 255. Calculate the highest common divisor of 27 and b.
27
Let k = 20 - -40. Calculate the highest common factor of 40 and k.
20
Let w(p) = -p**2 - 5*p + 3. Let a be w(-4). Let f = 36 + -22. What is the greatest common factor of f and a?
7
Let j(c) = -c**3 + 8*c**2 - 9*c + 9. Let s be j(6). Calculate the greatest common factor of 27 and s.
27
Let w(b) = b**3 + 6*b**2 + 5*b + 1. Let n be w(-4). What is the highest common divisor of 26 and n?
13
Let k(r) = r**3 - 4*r**2 + 3. Let u be k(4). Suppose u*a = 3*t + 60, -4*a + 0*t = -5*t - 84. What is the highest common factor of a and 2?
2
Suppose 0 = -3*r - 3*m + 129, m - 2 = 2. Calculate the highest common divisor of r and 26.
13
Let z(s) = 3*s**2 - 3*s + 1. Let v be z(3). Let y be (38/4)/((-1110)/140 + 8). What is the greatest common factor of v and y?
19
Let t be ((-2)/4)/((-2)/12). Let q = 4 + -6. Let v be ((-9)/(-1))/((-3)/q). Calculate the highest common divisor of t and v.
3
Suppose 4*z = 3*x + 74, -5*x = z - 51 + 21. What is the highest common factor of 10 and z?
10
Let i(c) = 32*c**2 + 2*c + 2. Let r be i(-2). Suppose 0 = q - 2*v + 7*v - r, -5*q - 3*v + 674 = 0. Calculate the greatest common divisor of 17 and q.
17
Let h(o) = 12*o + 4 - o**2 - 9 - 8. Let p be h(10). What is the greatest common divisor of p and 21?
7
Suppose 2*v - 25 = 245. Let b = v - -45. Suppose -d - 42 = -2*c, -5*c = 5*d - 0*d - 90. Calculate the greatest common factor of b and c.
20
Suppose b + 2*b + k - 37 = 0, -2*k = -2*b + 30. Suppose b = -0*g + g. What is the highest common factor of g and 91?
13
Let x = 146 + -47. Calculate the greatest common factor of 9 and x.
9
Suppose 26 = 2*i - 5*f, i - 2 = -3*f - 0. Suppose -1594*n + 1587*n + 56 = 0. What is the highest common divisor of i and n?
8
Suppose 0 = 3*a - 2*a - 46. Suppose 2*s - 14 = a. Suppose -4*b = -122 - 58. What is the highest common divisor of s and b?
15
Let m be ((-16)/(-2))/(2/3)*5. Let z(a) = -13*a**3 - 1. Let h be z(-1). Calculate the highest common divisor of h and m.
12
Suppose 62*r = 67*r - 1430. What is the highest common factor of 26 and r?
26
Suppose 0 = 23*g - 92. What is the highest common factor of g and 8?
4
Suppose -2*h - h + 6 = 0. Suppose -3 - h = -c. Suppose 5*f - c*x = -0*x + 15, -5*x + 20 = 0. What is the greatest common factor of 14 and f?
7
Let c(p) be the third derivative of p**6/120 - p**5/20 - 7*p**4/24 + p**3/6 + 3*p**2. Let i be c(5). What is the greatest common factor of i and 40?
8
Let l = 10 - 0. Let a = 202 + -292. Let y = a + 130. What is the highest common divisor of y and l?
10
Suppose 5*c - 39 = 71. Let z = -10 + c. Let y be 26/(-39) - 11/(-3). What is the greatest common factor of z and y?
3
Let t(x) = 19*x**2 + 1. Let b be t(-2). Let z = -6 + 17. Calculate the highest common divisor of b and z.
11
Let h(z) be the second derivative of -5/3*z**3 + 0*z**2 + 3*z